{"id":5385,"date":"2020-04-12T13:41:52","date_gmt":"2020-04-12T11:41:52","guid":{"rendered":"http:\/\/lider-agro.md\/?page_id=5385"},"modified":"2020-04-12T13:41:52","modified_gmt":"2020-04-12T11:41:52","slug":"lider-agro-2019-%d1%81%d0%bf%d0%b5%d1%86%d0%bf%d1%80%d0%be%d0%b5%d0%ba%d1%82","status":"publish","type":"page","link":"https:\/\/lider-agro.md\/?page_id=5385","title":{"rendered":"Lider Agro 2019 \/ \u0441\u043f\u0435\u0446\u043f\u0440\u043e\u0435\u043a\u0442"},"content":{"rendered":"<div id=\"pl-5385\"  class=\"panel-layout\" ><div id=\"pg-5385-0\"  class=\"panel-grid panel-no-style\" ><div id=\"pgc-5385-0-0\"  class=\"panel-grid-cell\" ><div id=\"panel-5385-0-0-0\" class=\"so-panel widget widget_rpwe_widget rpwe_widget recent-posts-extended panel-first-child panel-last-child\" data-index=\"0\" ><style>.rpwe-block ul{\nlist-style: none !important;\nmargin-left: 0 !important;\npadding-left: 0 !important;\n}\n\n.rpwe-block li{\nborder-bottom: 1px solid #eee;\nmargin-bottom: 10px;\npadding-bottom: 10px;\nlist-style-type: none;\n}\n\n.rpwe-block a{\ndisplay: inline !important;\ntext-decoration: none;\n}\n\n.rpwe-block h3{\nbackground: none !important;\nclear: none;\nmargin-bottom: 0 !important;\nmargin-top: 0 !important;\nfont-weight: 400;\nfont-size: 12px !important;\nline-height: 1.5em;\n}\n\n.rpwe-thumb{\nborder: 1px solid #eee !important;\nbox-shadow: none !important;\nmargin: 2px 10px 2px 0;\npadding: 3px !important;\n}\n\n.rpwe-summary{\nfont-size: 12px;\n}\n\n.rpwe-time{\ncolor: #bbb;\nfont-size: 11px;\n}\n\n.rpwe-comment{\ncolor: #bbb;\nfont-size: 11px;\npadding-left: 5px;\n}\n\n.rpwe-alignleft{\ndisplay: inline;\nfloat: left;\n}\n\n.rpwe-alignright{\ndisplay: inline;\nfloat: right;\n}\n\n.rpwe-aligncenter{\ndisplay: block;\nmargin-left: auto;\nmargin-right: auto;\n}\n\n.rpwe-clearfix:before,\n.rpwe-clearfix:after{\ncontent: &quot;&quot;;\ndisplay: table !important;\n}\n\n.rpwe-clearfix:after{\nclear: both;\n}\n\n.rpwe-clearfix{\nzoom: 1;\n}\n<\/style><div  class=\"rpwe-block\"><ul class=\"rpwe-ul\"><li class=\"rpwe-li rpwe-clearfix\"><a class=\"rpwe-img\" href=\"https:\/\/lider-agro.md\/?p=3557\" target=\"_self\"><img loading=\"lazy\" decoding=\"async\" width=\"100\" height=\"150\" src=\"https:\/\/lider-agro.md\/wp-content\/uploads\/2019\/07\/ghesgfjdhfbhgdhnjfbghndeghjrfg.jpg\" class=\"rpwe-alignleft rpwe-thumb the-post-thumbnail wp-post-image\" alt=\"PARTICULARIT\u0102\u0162ILE ALIMENTA\u0162IEI ANIMALELOR \u00ceN PERIOADA DE PRIM\u0102VAR\u0102\" srcset=\"https:\/\/lider-agro.md\/wp-content\/uploads\/2019\/07\/ghesgfjdhfbhgdhnjfbghndeghjrfg.jpg 200w, https:\/\/lider-agro.md\/wp-content\/uploads\/2019\/07\/ghesgfjdhfbhgdhnjfbghndeghjrfg-167x250.jpg 167w\" sizes=\"auto, (max-width: 100px) 100vw, 100px\" \/><\/a><h3 class=\"rpwe-title\"><a href=\"https:\/\/lider-agro.md\/?p=3557\" target=\"_self\">PARTICULARIT\u0102\u0162ILE ALIMENTA\u0162IEI ANIMALELOR \u00ceN PERIOADA DE PRIM\u0102VAR\u0102<\/a><\/h3><div class=\"rpwe-summary\">Ne afl\u0103m la \u00eenceputul prim\u0103verii, o\u00a0perioad\u0103 care \u00eentotdeauna a fost\u00a0destul &hellip;<a href=\"https:\/\/lider-agro.md\/?p=3557\" class=\"more-link\">\u0427\u0438\u0442\u0430\u0442\u044c \u0434\u0430\u043b\u044c\u0448\u0435 \u00bb<\/a><\/div><\/li><\/ul><\/div><!-- Generated by http:\/\/wordpress.org\/plugins\/recent-posts-widget-extended\/ --><\/div><\/div><\/div><\/div>","protected":false},"excerpt":{"rendered":"","protected":false},"author":1,"featured_media":0,"parent":4098,"menu_order":0,"comment_status":"closed","ping_status":"closed","template":"","meta":{"footnotes":""},"class_list":["post-5385","page","type-page","status-publish","hentry"],"_links":{"self":[{"href":"https:\/\/lider-agro.md\/index.php?rest_route=\/wp\/v2\/pages\/5385","targetHints":{"allow":["GET"]}}],"collection":[{"href":"https:\/\/lider-agro.md\/index.php?rest_route=\/wp\/v2\/pages"}],"about":[{"href":"https:\/\/lider-agro.md\/index.php?rest_route=\/wp\/v2\/types\/page"}],"author":[{"embeddable":true,"href":"https:\/\/lider-agro.md\/index.php?rest_route=\/wp\/v2\/users\/1"}],"replies":[{"embeddable":true,"href":"https:\/\/lider-agro.md\/index.php?rest_route=%2Fwp%2Fv2%2Fcomments&post=5385"}],"version-history":[{"count":2,"href":"https:\/\/lider-agro.md\/index.php?rest_route=\/wp\/v2\/pages\/5385\/revisions"}],"predecessor-version":[{"id":5387,"href":"https:\/\/lider-agro.md\/index.php?rest_route=\/wp\/v2\/pages\/5385\/revisions\/5387"}],"up":[{"embeddable":true,"href":"https:\/\/lider-agro.md\/index.php?rest_route=\/wp\/v2\/pages\/4098"}],"wp:attachment":[{"href":"https:\/\/lider-agro.md\/index.php?rest_route=%2Fwp%2Fv2%2Fmedia&parent=5385"}],"curies":[{"name":"wp","href":"https:\/\/api.w.org\/{rel}","templated":true}]}}